{"id":181,"date":"2025-09-23T18:39:39","date_gmt":"2025-09-23T16:39:39","guid":{"rendered":"https:\/\/backwired.synology.me\/wordpress\/?page_id=181"},"modified":"2025-09-26T16:37:06","modified_gmt":"2025-09-26T16:37:06","slug":"bio","status":"publish","type":"page","link":"https:\/\/polerikrouviere.com\/index.php\/bio\/","title":{"rendered":"Bio."},"content":{"rendered":"\n<div style=\"height:100px\" aria-hidden=\"true\" class=\"wp-block-spacer\"><\/div>\n\n\n\n<p><strong>Polerik Rouvi\u00e8re<\/strong>\u00a0is a versatile musician and artist.<br>He initiates and collaborates on numerous projects as a songwriter, composer, producer, director, and performer.<\/p>\n\n\n\n<p>In 2001, he co-founded the label&nbsp;<strong>Ledge Music<\/strong>, which brought him recognition in the mid-2000s with the electro-pop band&nbsp;<em>Ledge<\/em>, associated with French Touch 2.0 and widely broadcast on radio in France, the United Kingdom, and Germany.<br>At the same time, he joined the&nbsp;<strong>Breakfirst Quartet<\/strong>&nbsp;and won the&nbsp;<em>Jeunes Talents First Prize<\/em>&nbsp;at the La D\u00e9fense Jazz Festival.<\/p>\n\n\n\n<p>He then turned to composing music for visual media: first for advertising, where within a few years he created numerous campaigns for prestigious brands (Guerlain, Dior, Cacharel, Armani, Peugeot, Orange\u2026), and later for cinema.<br>In 2008, he composed his first original score for&nbsp;<em>Falling From Earth<\/em>&nbsp;by Chadi Zenedine, which was nominated for&nbsp;<em>Best Original Score<\/em>&nbsp;at the Dubai International Film Festival, then presided over by Michael Cimino.<\/p>\n\n\n\n<p>At the same time, he continued working with other artists, contributing productions, compositions, and arrangements for&nbsp;<strong>Alain Souchon, Yann Tiersen, and Dionysos<\/strong>.<\/p>\n\n\n\n<p>In 2010, he founded his own label,&nbsp;<strong>Au Revoir Ma Belle Productions<\/strong>, which operates three studios in Paris.<br>Two years later, he launched a more personal project under the pseudonym&nbsp;<strong>Ulrich Forman<\/strong>&nbsp;and signed with Barclay (Universal Music).<\/p>\n\n\n\n<p>In 2015, he composed the soundtrack for Charlotte de Turckheim\u2019s film&nbsp;<em>Qui c\u2019est les plus forts ?<\/em>, which was considered for the 2016 C\u00e9sar Awards.<br>The following year, he scored the American film&nbsp;<em>NOLA Circus<\/em>&nbsp;by Luc Annest, while continuing his collaborations on advertising campaigns (BMW X4, Volkswagen Polo, Schweppes, Mercedes\u2026).<\/p>\n\n\n\n<p>In 2018, he released his third album as&nbsp;<strong>Ulrich Forman<\/strong>, recorded in New York at Flux Studios with musicians from Paul McCartney\u2019s band and co-produced by Fab Dupont (<em>Paul McCartney, The Do<\/em>).<\/p>\n\n\n\n<p>Since 2017, he has scored more than fifteen feature films in France and abroad, including Lisa Azuelos\u2019s&nbsp;<em>Dalida<\/em>.<br>In 2019, he composed the score for&nbsp;<em>All Blood Runs Red<\/em>&nbsp;by Paul Mignot, the most awarded French short film in history.<\/p>\n\n\n\n<p>In 2022, he composed the music for&nbsp;<em>Visitors<\/em>, the first French series produced by Warner and directed by Simon Astier, which was nominated for&nbsp;<em>Best Original Score<\/em>&nbsp;by the French Critics\u2019 Association.<br>The following year, he released a new album as&nbsp;<strong>Ulrich Forman<\/strong>,&nbsp;<em>Chapter IV \u2013 Vulnerable<\/em>.<\/p>\n\n\n\n<p>In 2025, three feature films with his music will be released, including&nbsp;<em>Silver Star<\/em>&nbsp;by Lola Bessis and Ruben Amar, in competition at the Rotterdam International Film Festival.<br>That same year, he composed the international campaign for the&nbsp;<strong>Nintendo Switch 2<\/strong>, as well as the score for&nbsp;<em>McWALTER<\/em>, Amazon\u2019s biggest production of the year, directed by Simon Astier.<\/p>\n\n\n\n<p>In the fall of 2026, the series&nbsp;<em>Il \u00e9tait deux fois<\/em>&nbsp;(HBO\/France TV), nominated for&nbsp;<em>Best Score for a 52-minute Series<\/em>&nbsp;at the La Rochelle Fiction Festival, and&nbsp;<em>Les Aventuri\u00e8res<\/em>(France TV), which will open the first edition of the Baux-de-Provence Festival, will both premiere with his music.<\/p>\n\n\n\n<p>Also in 2026, he will compose the score for the debut feature film by director and screenwriter&nbsp;<strong>Fanny Chesnel<\/strong>, starring B\u00e9r\u00e9nice Bejo (<em>La Filmerie<\/em>), as well as the next film by Simon Astier.<\/p>\n\n\n\n<div style=\"height:100px\" aria-hidden=\"true\" class=\"wp-block-spacer\"><\/div>\n\n\n\n<p><strong>Polerik Rouvi\u00e8re<\/strong>&nbsp;est un musicien et artiste polyvalent.<br>Il initie ou collabore \u00e0 de nombreux projets en tant qu\u2019auteur, compositeur, r\u00e9alisateur, producteur ou interpr\u00e8te.<\/p>\n\n\n\n<p>En 2001, il cofonde le label&nbsp;<strong>Ledge Music<\/strong>, qui le fait conna\u00eetre au milieu des ann\u00e9es 2000 avec le groupe \u00e9lectro-pop&nbsp;<em>Ledge<\/em>, associ\u00e9 \u00e0 la French Touch 2.0 et largement diffus\u00e9 en radio en France, au Royaume-Uni et en Allemagne.<br>Parall\u00e8lement, il rejoint le&nbsp;<strong>Breakfirst Quartet<\/strong>&nbsp;et remporte le 1er Prix&nbsp;<em>Jeunes Talents<\/em>&nbsp;du Festival de Jazz de La D\u00e9fense.<\/p>\n\n\n\n<p>Il se tourne ensuite vers la composition de musique \u00e0 l\u2019image : d\u2019abord pour la publicit\u00e9, o\u00f9 il signe en quelques ann\u00e9es de nombreuses campagnes pour des marques prestigieuses (Guerlain, Dior, Cacharel, Armani, Peugeot, Orange\u2026), puis pour le cin\u00e9ma.<br>En 2008, il compose sa premi\u00e8re bande originale pour&nbsp;<em>Falling From Earth<\/em>&nbsp;de Chadi Zenedine, nomin\u00e9e dans la cat\u00e9gorie&nbsp;<em>Meilleure Musique de Film<\/em>&nbsp;au Festival International du Film de Duba\u00ef, pr\u00e9sid\u00e9 alors par Michael Cimino.<\/p>\n\n\n\n<p>En parall\u00e8le, il poursuit son travail aux c\u00f4t\u00e9s d\u2019autres artistes et signe de nombreuses r\u00e9alisations, compositions et arrangements pour&nbsp;<strong>Alain Souchon, Yann Tiersen ou encore Dionysos<\/strong>.<\/p>\n\n\n\n<p>En 2010, il fonde son propre label,&nbsp;<strong>Au Revoir Ma Belle Productions<\/strong>, qui dispose de trois studios parisiens.<br>Deux ans plus tard, il lance un projet plus personnel sous le pseudonyme&nbsp;<strong>Ulrich Forman<\/strong>&nbsp;et signe avec le label Barclay (Universal Music).<\/p>\n\n\n\n<p>En 2015, il compose la bande originale du film de Charlotte de Turckheim&nbsp;<em>Qui c\u2019est les plus forts ?<\/em>, s\u00e9lectionn\u00e9e pour les C\u00e9sars 2016. L\u2019ann\u00e9e suivante, il \u00e9crit la musique du film am\u00e9ricain&nbsp;<em>NOLA Circus<\/em>&nbsp;de Luc Annest, tout en poursuivant ses collaborations publicitaires (BMW X4, Volkswagen Polo, Schweppes, Mercedes\u2026).<\/p>\n\n\n\n<p>En 2018, il sort son troisi\u00e8me album sous le nom&nbsp;<strong>Ulrich Forman<\/strong>, enregistr\u00e9 \u00e0 New York chez Flux Studios avec des musiciens de Paul McCartney et cor\u00e9alis\u00e9 par Fab Dupont (<em>Paul McCartney, The Do<\/em>).<\/p>\n\n\n\n<p>Depuis 2017, il a sign\u00e9 plus d\u2019une quinzaine de bandes originales de longs-m\u00e9trages, en France et \u00e0 l\u2019international, dont celle du film&nbsp;<em>Dalida<\/em>&nbsp;de Lisa Azuelos.<br>En 2019, il compose la BO de&nbsp;<em>All Blood Runs Red<\/em>&nbsp;de Paul Mignot, court-m\u00e9trage fran\u00e7ais le plus prim\u00e9 de l\u2019histoire.<\/p>\n\n\n\n<p>En 2022, il signe la musique de la premi\u00e8re s\u00e9rie fran\u00e7aise produite par Warner,&nbsp;<em>Visitors<\/em>&nbsp;de Simon Astier, nomin\u00e9e pour la&nbsp;<em>Meilleure Musique de S\u00e9rie<\/em>&nbsp;par l\u2019Association des Critiques de S\u00e9ries.<br>L\u2019ann\u00e9e suivante, il publie un nouvel album sous le nom&nbsp;<strong>Ulrich Forman<\/strong>,&nbsp;<em>Chapter IV \u2013 Vulnerable<\/em>.<\/p>\n\n\n\n<p>En 2025, trois longs-m\u00e9trages dont il signe les musiques sortiront, dont&nbsp;<em>Silver Star<\/em>&nbsp;de Lola Bessis et Ruben Amar, en comp\u00e9tition au Festival International de Rotterdam. La m\u00eame ann\u00e9e, il compose la musique de la campagne internationale de la&nbsp;<strong>Nintendo Switch 2<\/strong>, ainsi que la BO de&nbsp;<em>McWALTER<\/em>, la plus grosse production Amazon de l\u2019ann\u00e9e, r\u00e9alis\u00e9e par Simon Astier.<\/p>\n\n\n\n<p>\u00c0 la rentr\u00e9e 2026 para\u00eetront les s\u00e9ries&nbsp;<em>Il \u00e9tait deux fois<\/em>&nbsp;(HBO\/France TV), s\u00e9lectionn\u00e9e pour la&nbsp;<em>Meilleure Musique de S\u00e9rie de 52 minutes<\/em>&nbsp;au Festival de la Fiction de La Rochelle, et&nbsp;<em>Les Aventuri\u00e8res<\/em>&nbsp;(France TV), qui ouvrira la premi\u00e8re \u00e9dition du Festival des Baux-de-Provence. Il en signe toutes deux les musiques.<\/p>\n\n\n\n<p>Toujours en 2026, il composera la BO du premier film de la r\u00e9alisatrice et sc\u00e9nariste&nbsp;<strong>Fanny Chesnel<\/strong>, avec B\u00e9r\u00e9nice Bejo (<em>La Filmerie<\/em>), ainsi que celle du prochain film de Simon Astier.<\/p>\n\n\n\n<style>\nfooter\n{\ndisplay:none !important;\n}\n<\/style>\n\n\n\n<p><\/p>\n","protected":false},"excerpt":{"rendered":"<p>Polerik Rouvi\u00e8re\u00a0is a versatile musician and artist.He initiates and collaborates on numerous projects as a songwriter, composer, producer, director, and performer. In 2001, he co-founded the label&nbsp;Ledge Music, which brought him recognition in the mid-2000s with the electro-pop band&nbsp;Ledge, associated with French Touch 2.0 and widely broadcast on radio in France, the United Kingdom, and [&hellip;]<\/p>\n","protected":false},"author":1,"featured_media":0,"parent":0,"menu_order":0,"comment_status":"closed","ping_status":"closed","template":"page-no-title","meta":{"footnotes":""},"class_list":["post-181","page","type-page","status-publish","hentry"],"_links":{"self":[{"href":"https:\/\/polerikrouviere.com\/index.php\/wp-json\/wp\/v2\/pages\/181","targetHints":{"allow":["GET"]}}],"collection":[{"href":"https:\/\/polerikrouviere.com\/index.php\/wp-json\/wp\/v2\/pages"}],"about":[{"href":"https:\/\/polerikrouviere.com\/index.php\/wp-json\/wp\/v2\/types\/page"}],"author":[{"embeddable":true,"href":"https:\/\/polerikrouviere.com\/index.php\/wp-json\/wp\/v2\/users\/1"}],"replies":[{"embeddable":true,"href":"https:\/\/polerikrouviere.com\/index.php\/wp-json\/wp\/v2\/comments?post=181"}],"version-history":[{"count":4,"href":"https:\/\/polerikrouviere.com\/index.php\/wp-json\/wp\/v2\/pages\/181\/revisions"}],"predecessor-version":[{"id":314,"href":"https:\/\/polerikrouviere.com\/index.php\/wp-json\/wp\/v2\/pages\/181\/revisions\/314"}],"wp:attachment":[{"href":"https:\/\/polerikrouviere.com\/index.php\/wp-json\/wp\/v2\/media?parent=181"}],"curies":[{"name":"wp","href":"https:\/\/api.w.org\/{rel}","templated":true}]}}